o) = -3*o. What is y(h)?
9
Let m = -17 + 21. Let w(n) = -4*n + 7*n - m*n - 2*n. Give w(-2).
6
Let c = 13 + -1. Let y(m) = m - 7. What is y(c)?
5
Let m = 29 - 35. Let s(h) = -h**2 - 8*h - 8. Give s(m).
4
Let t(q) = -4*q**3 - 2*q**2 + 2. Let v(a) = -a**3 - a**2 - a. Let n(d) = t(d) - 3*v(d). Suppose 2*l + 10 = 2*s, -2*s - 3 + 9 = 0. Calculate n(l).
8
Let b(m) = 8 + 0*m + 2*m + m - 2*m**2. Let t(n) = 3*n**2 - 2*n - 9. Let z(s) = -4*b(s) - 3*t(s). Give z(-4).
3
Let a(s) = -6*s**2 + 4*s - 13. Let w(t) = -7*t**2 + 3*t - 14. Let f(v) = 6*a(v) - 5*w(v). Let x be f(8). Let l(g) = g + 12. Determine l(x).
12
Suppose 0*a + 4*a + 8 = 0. Let d(y) = -y**2 + 3*y + 5. Let f(q) = q + 1. Let t(p) = -d(p) + 6*f(p). What is t(a)?
-1
Let k(q) = 33*q**2 + 4 - 1 - 37*q**2 + q**3. Calculate k(4).
3
Let z be 0/(-1) - (0 - 0). Let o(q) be the first derivative of 1/2*q**2 - 4 - 6*q - 1/3*q**3 - 1/4*q**4. What is o(z)?
-6
Let i(d) = d**3 + 4*d**2 - 1. Suppose 5*l = 14 + 6. Suppose z = l*w + w - 13, 2*w + 8 = -4*z. Give i(z).
8
Let c(q) = -4*q - 1. Let f be (-3 - 2) + (-3)/(-3). What is c(f)?
15
Let n(r) = -r**2 + 6*r + 2. Suppose -2*z + 5*a + 30 = 0, 5*z = 6*a - 2*a + 41. Calculate n(z).
7
Let p(y) = -9 - 8 + 6*y + 22 - 6. Give p(3).
17
Let j(g) = -g**3 + 5*g**2 + 2*g - 7. Let o be j(5). Let d(q) = o*q + 3*q**2 + q**2 + q**3 - 7*q - 2. What is d(-5)?
-7
Suppose 4*n = -3*a - 20, 7*n - 2*n + 25 = 0. Let b be 0*(a + 2/(-4)). Let v(p) = -4*p + b*p**2 + 4 + 2*p - p**2. What is v(-3)?
1
Let y(u) = 6*u - 4. Let n(f) = 2*f - 1. Let m(d) = -10*n(d) + 3*y(d). Calculate m(-3).
4
Let s(a) = 11*a**2 - a - 1. Let z(y) = -y**3 + 8*y**2 + 2*y - 17. Let t be z(8). Determine s(t).
11
Let p(m) = -m**3 + 5*m**2 + 6*m - 8. Let i(a) = a - 5. Let u be i(9). Suppose -o + 15 = 3*z, 3 = -2*o + z + u*z. Calculate p(o).
-8
Let j = 0 - -3. Suppose -b = -j*b + 4. Let x(l) = -l**3 + 2*l**2 + l. Calculate x(b).
2
Let z(l) = l**2 + 2*l. Suppose 0 = -3*t - 2*t + 20. Suppose -5*s + t*q + 5 = 0, -q - 4*q = 25. Calculate z(s).
3
Suppose 0 = -2*y + 2*k + 8, -24 = 14*y - 17*y - k. Let o(m) = -m - 1. What is o(y)?
-8
Let s(l) = l + 6. Let m(i) = i - 5. Let v be m(-3). Determine s(v).
-2
Suppose 4*y + 4 = 8. Let x(j) = -7*j + 1. Determine x(y).
-6
Let q(g) = -4*g**2 - 16*g - 5. Let p(d) be the second derivative of 1/12*d**4 + 2/3*d**3 - 2*d + 1/2*d**2 + 0. Let a(f) = -9*p(f) - 2*q(f). Give a(-2).
5
Let x(d) = d**2 + 4*d - 3. Let v be (4 + -1)/9*45/(-3). Give x(v).
2
Suppose 2*d + 8 - 2 = 0. Let p = -2 + d. Let q(h) = -6*h**3 - 6*h**2 - 3*h. Let c(i) = -7*i**3 - 6*i**2 - 3*i - 1. Let b(r) = -5*c(r) + 6*q(r). Determine b(p).
-5
Suppose -7*s + 16 = -3*s + 5*v, 5*v - 8 = -2*s. Let u(f) = 7*f - 6. What is u(s)?
22
Let a(m) = m**3 - 2*m**2 - 5*m + 6. Let i be a(4). Suppose -8 = z - 5*u, 4*z = 5*u + 1 - i. Let l(p) = -p**3 - 2*p**2. Determine l(z).
9
Let x(m) be the third derivative of -m**5/60 - 5*m**4/24 + 7*m**3/6 + 2*m**2. Give x(-5).
7
Let a(c) be the second derivative of -c**3/3 - 5*c**2/2 + 9*c. Calculate a(-6).
7
Let r(g) = -g + 3. Let t be r(-3). Let k be (-2)/t + (-2)/3. Let z(l) = 9*l + 1. Calculate z(k).
-8
Let d be ((-52)/12 - -4)*-9. Let f = -1 - d. Let t(z) = -z**2 - 4*z + 3. Give t(f).
3
Suppose 9 = 3*s + 24. Let x be (-6)/(-8)*(1 + s). Let b(l) = 2 + 0 + 3 - 2 + l. Give b(x).
0
Let r(h) be the first derivative of -h**3/3 + 3*h**2/2 + 7*h - 19. Give r(5).
-3
Suppose -45 = -16*b + 11*b. Let f(w) = 13*w**2 + 3*w. Let x(k) = -3*k**2 - k. Let r(m) = b*x(m) + 2*f(m). What is r(-2)?
2
Suppose 0 = 5*m - 8 - 2. Let u(s) = -5 + s + 3 - s + 4*s**m + s**3. Suppose 0*d - 15 = 5*d. What is u(d)?
7
Suppose 2 = -4*a - 2*q - 3*q, 0 = -3*a + q + 8. Let i(n) be the second derivative of -n**3/6 + n**2 - 2*n. Calculate i(a).
0
Let z(h) = 6*h**3 + 3*h**2 - 1 + h**3 - h**3 - 7*h**3 + h. What is z(4)?
-13
Let a = 0 + -2. Let r = 8 + a. Suppose k + r = 4*k. Let i(x) = -x**3 + 2*x**2 - 2*x + 3. Calculate i(k).
-1
Let c = 0 + 2. Let z(u) = -5*u**c + u - 6*u**2 + 4 + 12*u**2. Calculate z(0).
4
Let r(d) = 2*d - 5. Let x be r(4). Let g = 17 - 14. Suppose u = -x - g. Let o(p) = p**3 + 6*p**2 - p - 5. Calculate o(u).
1
Let r = -3 + 1. Let g be (-6)/(-4) + (-1)/r. Let y(n) = -1 + 3*n**g + 1 - 2*n**2. Calculate y(1).
1
Let l(g) = 4*g**3 + 5*g**2 - 10*g + 6. Let d(k) = -3*k**3 - 5*k**2 + 9*k - 5. Let w(p) = 3*d(p) + 2*l(p). Determine w(-6).
-9
Let c(b) = -b**3 + 4*b**2 - 2*b + 2. Let w be c(3). Let l(t) = -t**3 + 5*t**2 - 2. Determine l(w).
-2
Let q(y) = -6*y + 16*y**2 - 2 - 5 - 21*y**2 + y**3. What is q(6)?
-7
Let c(t) = 2*t**3 + 15*t**2 + 6*t - 3. Let v = 10 - 2. Let g(q) = 3*q**3 + 23*q**2 + 9*q - 5. Let f(w) = v*c(w) - 5*g(w). Let x = 5 + -8. What is f(x)?
10
Let l(t) = t**2 - 2*t + 3. Let v(b) = -b + 1. Let o(g) = l(g) - 5*v(g). Determine o(-6).
16
Let k(o) = -2*o + 11. Let d(z) = z - 5. Let v(p) = -13*d(p) - 6*k(p). Give v(-2).
1
Let l(s) be the third derivative of 1/60*s**5 + 0 + 3*s**2 + 5/6*s**3 - 5/24*s**4 + 0*s. Calculate l(4).
1
Suppose k = 5*j + 58, j + 3*k + 2 = -0*j. Let u = j + 11. Suppose 2*b + 20 = -5*m - 0*b, u = -4*m - b - 19. Let h(l) = -2*l - 6. Give h(m).
6
Suppose -7 = -q - 0*q. Suppose 4*b - g = -22, -2*b + g - 5 - q = 0. Let u = 1 + b. Let z(p) = p**2 + p + 1. Calculate z(u).
13
Let t(o) = o + 4 + 1 + 12*o**2 - 4*o**2 - 7*o**2. Let f be t(0). Let r(q) = -q**3 + 5*q**2 + 2*q + 3. Determine r(f).
13
Suppose -2*f = -f. Suppose 5*z + 9 - 29 = f. Let d(g) = -g**2 + 6*g - 1. Calculate d(z).
7
Let w(y) = -8*y - 6. Let g(i) = -i**3 - 8*i**2 + 8*i - 5. Let p be g(-9). Let o(f) = -2 + p - 12*f + 0*f - 11. Let d(x) = 5*o(x) - 8*w(x). Calculate d(-2).
-5
Let w be (1 + 0)*-1*1. Let n(x) be the third derivative of -x**5/20 + x**3/6 + 5*x**2. What is n(w)?
-2
Let t(n) = n**2 + 4*n + 4. Let g be (42/11)/(-1) + 8/(-44). Give t(g).
4
Suppose 4*q = 2*h + 18, -3*h = -4*h + 3*q - 11. Let d = h - -5. Suppose 0 = f - 4*j + 22, d = -4*f - 3*j - 0*j + 7. Let l(i) = i**2 + 2*i - 1. What is l(f)?
-1
Let m(x) = 0*x**2 + 53*x - 53*x - x**2. Give m(-2).
-4
Let q(o) = o - 2*o + 2*o + 3. Let c = 65 + -72. Give q(c).
-4
Let p(u) be the third derivative of -u**4/24 + u**3/3 - 3*u**2 + 28. Suppose -21 = -2*r + 5*n, -3 = 5*n + 12. Calculate p(r).
-1
Let o(x) = 3*x**3 + x**2 - 2*x + 1. Suppose 11 - 7 = -2*p. Determine o(p).
-15
Let x(i) = -i**2 - 4*i + 3. Let f(v) = -v**3 - 7*v**2 - 5*v + 2. Let q(u) = -u - 6. Let p be q(0). Let r be f(p). Calculate x(r).
3
Let i(x) = -9*x**2 - 4*x - 11. Let q(a) = 4*a**2 + 2*a + 5. Let k(s) = -3*i(s) - 7*q(s). Determine k(-2).
-2
Let l be (0 - 2) + -1 + -1. Let d(r) be the second derivative of r**2 + 0 + 4*r - 1/6*r**3. Calculate d(l).
6
Let o(h) = -2*h + 3 + 3*h - 2. Let l be (2/(-4))/((-2)/8). Let w be (l/(-6))/((-1)/6). Calculate o(w).
3
Let f(s) be the third derivative of s**4/24 + s**3/6 - 11*s**2. Let j be 0/(-4 + 0 + 2). Calculate f(j).
1
Suppose -5*k + 3*k = 14. Let t(g) = g**3 + 8*g**2 + 8*g + 6. Give t(k).
-1
Suppose 0 = -4*b - 0*b + 8. Suppose 17 = -b*s + 13. Let f(w) = 3*w + 3. Determine f(s).
-3
Let v = -6 - -4. Let f(z) be the third derivative of z**6/60 + z**5/30 + z**4/8 + z**3/6 + 3*z**2. What is f(v)?
-13
Let f(a) = -a**3 + 3*a - 3. Let h be f(2). Let w(s) be the third derivative of 0 - s**2 + 1/8*s**4 + 1/60*s**5 - 1/3*s**3 + 0*s. Determine w(h).
8
Let b(k) = -k**2 - 4*k + 5. Let z(r) = -2*r**2 - 8*r + 11. Let s(o) = 5*b(o) - 2*z(o). Calculate s(-3).
6
Let o(z) = z - 1. Suppose 21 + 5 = h. Suppose 3*k = -2*u + 19, 5*k - 2*k = 5*u + h. Let m = k - 10. Determine o(m).
-4
Suppose 0 = x + 2*f - 12, 0 = f - 1 - 4. Let m(y) = -x*y + y**2 + 1 + y - 4*y**2 + y**2. What is m(2)?
-9
Let d(y) be the first derivative of -y**3/3 - y**2/2 + y - 48. Suppose 0*q = -2*q + 6. Calculate d(q).
-11
Suppose -2*v + 25 = 3*x, -x + 2*v + 2 = -9. Let p = -11 + x. Let s(g) = -3*g + 1. Give s(p).
7
Let a(r) = 6*r**3 + r**2 - 1. Let u be ((-6)/(-18))/(1/(-3)). Calculate a(u).
-6
Let b(q) = 0*q - 2*q - q**2 + 4 + 0*q**2. Let c = 7 - 10. Determine b(c).
1
Suppose 5 = 2*y - y. Let g be 16/7 + (-6)/21. Let d(n) = 0 - 5*n + 3 + n**g + 0*n. What is d(y)?
3
Let v(o) = -1125*o**3 - 1 - 2 + 5*o**2 + 1124*o**3 - o. Calculate v(5).
-8
Let f(t) = -t**3 + 4*t**2 + 7*t - 5. Let c be f(5). Suppose c = -5*x + 3*k - k, 23 = -2*x + 5*k